{"id":199,"date":"2022-10-21T01:11:09","date_gmt":"2022-10-20T23:11:09","guid":{"rendered":"http:\/\/claire-luce-interprete-lsf.fr\/?page_id=199"},"modified":"2023-01-02T21:56:21","modified_gmt":"2023-01-02T20:56:21","slug":"interpretation-de-liaison","status":"publish","type":"page","link":"https:\/\/claire-luce-interprete-lsf.fr\/index.php\/interpretation-de-liaison\/","title":{"rendered":"Interpr\u00e9tation de liaison"},"content":{"rendered":"\n<div class=\"wp-block-columns is-layout-flex wp-container-core-columns-is-layout-9d6595d7 wp-block-columns-is-layout-flex\">\n<div class=\"wp-block-column is-layout-flow wp-block-column-is-layout-flow\">\n<figure class=\"wp-block-image size-large\"><img loading=\"lazy\" decoding=\"async\" width=\"1024\" height=\"664\" src=\"http:\/\/claire-luce-interprete-lsf.fr\/wp-content\/uploads\/2022\/12\/Liaison-1024x664.jpg\" alt=\"Interpretation de liaison LSF\" class=\"wp-image-356\" srcset=\"https:\/\/claire-luce-interprete-lsf.fr\/wp-content\/uploads\/2022\/12\/Liaison-1024x664.jpg 1024w, https:\/\/claire-luce-interprete-lsf.fr\/wp-content\/uploads\/2022\/12\/Liaison-300x195.jpg 300w, https:\/\/claire-luce-interprete-lsf.fr\/wp-content\/uploads\/2022\/12\/Liaison-768x498.jpg 768w, https:\/\/claire-luce-interprete-lsf.fr\/wp-content\/uploads\/2022\/12\/Liaison-1536x997.jpg 1536w, https:\/\/claire-luce-interprete-lsf.fr\/wp-content\/uploads\/2022\/12\/Liaison-1568x1017.jpg 1568w, https:\/\/claire-luce-interprete-lsf.fr\/wp-content\/uploads\/2022\/12\/Liaison.jpg 1814w\" sizes=\"auto, (max-width: 1024px) 100vw, 1024px\" \/><\/figure>\n<\/div>\n\n\n\n<div class=\"wp-block-column is-layout-flow wp-block-column-is-layout-flow\">\n<p>Interpr\u00e9tation de <strong>liaison <\/strong>: il s\u2019agit de rendez-vous entre deux ou trois personnes, cela peut se d\u00e9rouler dans le cadre de la vie priv\u00e9e, chez le m\u00e9decin, le notaire, dans un commerce\u2026 A la demande d\u2019une des deux partie, l\u2019interpr\u00e8te se rend sur le lieu de rendez-vous et assure le lien entre les locuteurs de langues diff\u00e9rentes. <\/p>\n<\/div>\n<\/div>\n\n\n\n<img decoding=\"async\" src=\"https:\/\/media.istockphoto.com\/id\/1310634705\/fr\/vectoriel\/mod%C3%A8le-de-lecteur-vid%C3%A9o-pour-applications-web-ou-mobiles-blogs.jpg?s=612x612&amp;w=0&amp;k=20&amp;c=0K-b-ELJehY8oGN0WXVsu8nIawd2aLCsrnOo6SAhhFQ=\" width=\"100%\">\n\n\n\n<p><em>Les vid\u00e9os ne sont pas encore actives, elles sont en pr\u00e9paration, merci de votre patience<\/em><\/p>\n\n\n\n<p>La r\u00e9mun\u00e9ration de l\u2019interpr\u00e8te peut se faire par les deux partie mais c\u2019est g\u00e9n\u00e9ralement la personne sourde qui finance lorsque cette derni\u00e8re b\u00e9n\u00e9ficie de la PCH (Prestation de Compensation du Handicap). Attention \u00e0 deux points, de par la Loi les structures accueillant du public ont l\u2019obligation d\u2019accessibiliser leur \u00e9tablissement.<\/p>\n\n\n\n<p><\/p>\n\n\n\n<div class=\"wp-block-columns is-layout-flex wp-container-core-columns-is-layout-9d6595d7 wp-block-columns-is-layout-flex\">\n<div class=\"wp-block-column is-layout-flow wp-block-column-is-layout-flow\">\n<p>L\u2019interpr\u00e9tation de liaison est \u00e9galement possible dans le <strong>cadre du travail<\/strong> : <strong>entretient <\/strong>avec un salari\u00e9 ou un <strong>employeur<\/strong>, la <strong>m\u00e9decine du travail<\/strong>, etc. l\u2019employeur peut mobiliser des <strong>aides financi\u00e8res<\/strong> qui existent pour cela.<\/p>\n<\/div>\n\n\n\n<div class=\"wp-block-column is-layout-flow wp-block-column-is-layout-flow\">\n<figure class=\"wp-block-image size-large\"><img loading=\"lazy\" decoding=\"async\" width=\"1024\" height=\"727\" src=\"http:\/\/claire-luce-interprete-lsf.fr\/wp-content\/uploads\/2022\/12\/LSF-liaison-entreprise-1024x727.jpg\" alt=\"\" class=\"wp-image-395\" srcset=\"https:\/\/claire-luce-interprete-lsf.fr\/wp-content\/uploads\/2022\/12\/LSF-liaison-entreprise-1024x727.jpg 1024w, https:\/\/claire-luce-interprete-lsf.fr\/wp-content\/uploads\/2022\/12\/LSF-liaison-entreprise-300x213.jpg 300w, https:\/\/claire-luce-interprete-lsf.fr\/wp-content\/uploads\/2022\/12\/LSF-liaison-entreprise-768x545.jpg 768w, https:\/\/claire-luce-interprete-lsf.fr\/wp-content\/uploads\/2022\/12\/LSF-liaison-entreprise-1536x1091.jpg 1536w, https:\/\/claire-luce-interprete-lsf.fr\/wp-content\/uploads\/2022\/12\/LSF-liaison-entreprise-2048x1454.jpg 2048w, https:\/\/claire-luce-interprete-lsf.fr\/wp-content\/uploads\/2022\/12\/LSF-liaison-entreprise-1568x1113.jpg 1568w\" sizes=\"auto, (max-width: 1024px) 100vw, 1024px\" \/><\/figure>\n<\/div>\n<\/div>\n\n\n\n<p>Les interpr\u00e9tations en situation de <strong>formation<\/strong>, ou <strong>scolaire<\/strong>, entrent \u00e9galement dans ce cadre d&#8217;organisation. Il est vrai que le nombre de participants peut \u00eatre \u00e9lev\u00e9 mais la faisabilit\u00e9 est \u00e9valu\u00e9e au cas par cas. En effet, suivant le niveau de difficult\u00e9, l\u2019interaction entre les apprenants et le formateur, et la possibilit\u00e9 ou non pour l\u2019interpr\u00e8te de faire des pauses, la situation peut \u00eatre reclassifi\u00e9e en <strong>interpr\u00e9tation de<\/strong> <strong>r\u00e9union <\/strong>ou en <strong>interpr\u00e9tation de<\/strong> <strong>conf\u00e9rence<\/strong>.<\/p>\n\n\n\n<p><strong>Les appels t\u00e9l\u00e9phoniques<\/strong> peuvent \u00e9galement \u00eatre classifi\u00e9s d\u2019interpr\u00e9tation de liaison puisqu&#8217;ils ne r\u00e9unissent pas un nombre \u00e9lev\u00e9 de participants.<\/p>\n","protected":false},"excerpt":{"rendered":"<p>Interpr\u00e9tation de liaison : il s\u2019agit de rendez-vous entre deux ou trois personnes, cela peut se d\u00e9rouler dans le cadre de la vie priv\u00e9e, chez le m\u00e9decin, le notaire, dans un commerce\u2026 A la demande d\u2019une des deux partie, l\u2019interpr\u00e8te se rend sur le lieu de rendez-vous et assure le lien entre les locuteurs de &hellip; <\/p>\n<p class=\"link-more\"><a href=\"https:\/\/claire-luce-interprete-lsf.fr\/index.php\/interpretation-de-liaison\/\" class=\"more-link\">Continue reading<span class=\"screen-reader-text\"> &#8220;Interpr\u00e9tation de liaison&#8221;<\/span><\/a><\/p>\n","protected":false},"author":1,"featured_media":0,"parent":0,"menu_order":0,"comment_status":"closed","ping_status":"closed","template":"","meta":{"_monsterinsights_skip_tracking":false,"_monsterinsights_sitenote_active":false,"_monsterinsights_sitenote_note":"","_monsterinsights_sitenote_category":0,"footnotes":""},"class_list":["post-199","page","type-page","status-publish","hentry","entry"],"_links":{"self":[{"href":"https:\/\/claire-luce-interprete-lsf.fr\/index.php\/wp-json\/wp\/v2\/pages\/199","targetHints":{"allow":["GET"]}}],"collection":[{"href":"https:\/\/claire-luce-interprete-lsf.fr\/index.php\/wp-json\/wp\/v2\/pages"}],"about":[{"href":"https:\/\/claire-luce-interprete-lsf.fr\/index.php\/wp-json\/wp\/v2\/types\/page"}],"author":[{"embeddable":true,"href":"https:\/\/claire-luce-interprete-lsf.fr\/index.php\/wp-json\/wp\/v2\/users\/1"}],"replies":[{"embeddable":true,"href":"https:\/\/claire-luce-interprete-lsf.fr\/index.php\/wp-json\/wp\/v2\/comments?post=199"}],"version-history":[{"count":14,"href":"https:\/\/claire-luce-interprete-lsf.fr\/index.php\/wp-json\/wp\/v2\/pages\/199\/revisions"}],"predecessor-version":[{"id":433,"href":"https:\/\/claire-luce-interprete-lsf.fr\/index.php\/wp-json\/wp\/v2\/pages\/199\/revisions\/433"}],"wp:attachment":[{"href":"https:\/\/claire-luce-interprete-lsf.fr\/index.php\/wp-json\/wp\/v2\/media?parent=199"}],"curies":[{"name":"wp","href":"https:\/\/api.w.org\/{rel}","templated":true}]}}