{"id":210,"date":"2022-10-21T01:12:51","date_gmt":"2022-10-20T23:12:51","guid":{"rendered":"http:\/\/claire-luce-interprete-lsf.fr\/?page_id=210"},"modified":"2023-01-02T22:04:28","modified_gmt":"2023-01-02T21:04:28","slug":"visio-interpretation","status":"publish","type":"page","link":"https:\/\/claire-luce-interprete-lsf.fr\/index.php\/visio-interpretation\/","title":{"rendered":"Visio-interpr\u00e9tation"},"content":{"rendered":"\n<p>c&#8217;est l&#8217;<strong>interpr\u00e9tation \u00e0 distance<\/strong>. Elle passe par un <strong>support num\u00e9rique<\/strong>, la personne sourde et l&#8217;interpr\u00e8te ne sont pas en pr\u00e9sence physique l&#8217;une de l&#8217;autre, ils sont en <strong>distanciel<\/strong>. Chacun est \u00e9quip\u00e9 d&#8217;un <strong>ordinateur <\/strong>avec une <strong>webcam <\/strong>ou d&#8217;une <strong>tablette<\/strong>, parfois d&#8217;un t\u00e9l\u00e9phone <strong>portable <\/strong>en mode cam\u00e9ra. L&#8217;interpr\u00e8te dispose du m\u00eame mat\u00e9riel et s&#8217;il s&#8217;agit d&#8217;un appel t\u00e9l\u00e9phonique standard, il a un t\u00e9l\u00e9phone.<\/p>\n\n\n\n<div class=\"wp-block-columns is-layout-flex wp-container-core-columns-is-layout-9d6595d7 wp-block-columns-is-layout-flex\">\n<div class=\"wp-block-column is-layout-flow wp-block-column-is-layout-flow\">\n<figure class=\"wp-block-image size-large is-resized\"><img loading=\"lazy\" decoding=\"async\" src=\"http:\/\/claire-luce-interprete-lsf.fr\/wp-content\/uploads\/2022\/12\/LSF-visio-interpretation-interprete-1024x840.jpg\" alt=\"\" class=\"wp-image-400\" width=\"512\" height=\"420\" srcset=\"https:\/\/claire-luce-interprete-lsf.fr\/wp-content\/uploads\/2022\/12\/LSF-visio-interpretation-interprete-1024x840.jpg 1024w, https:\/\/claire-luce-interprete-lsf.fr\/wp-content\/uploads\/2022\/12\/LSF-visio-interpretation-interprete-300x246.jpg 300w, https:\/\/claire-luce-interprete-lsf.fr\/wp-content\/uploads\/2022\/12\/LSF-visio-interpretation-interprete-768x630.jpg 768w, https:\/\/claire-luce-interprete-lsf.fr\/wp-content\/uploads\/2022\/12\/LSF-visio-interpretation-interprete-1536x1260.jpg 1536w, https:\/\/claire-luce-interprete-lsf.fr\/wp-content\/uploads\/2022\/12\/LSF-visio-interpretation-interprete-1568x1286.jpg 1568w, https:\/\/claire-luce-interprete-lsf.fr\/wp-content\/uploads\/2022\/12\/LSF-visio-interpretation-interprete.jpg 1680w\" sizes=\"auto, (max-width: 512px) 100vw, 512px\" \/><figcaption class=\"wp-element-caption\">Distanciel complet<\/figcaption><\/figure>\n<\/div>\n\n\n\n<div class=\"wp-block-column is-layout-flow wp-block-column-is-layout-flow\">\n<figure class=\"wp-block-image alignwide size-full\"><img loading=\"lazy\" decoding=\"async\" width=\"1003\" height=\"726\" src=\"http:\/\/claire-luce-interprete-lsf.fr\/wp-content\/uploads\/2022\/12\/LSF-accueil-accessibilite-structure.jpg\" alt=\"\" class=\"wp-image-401\" srcset=\"https:\/\/claire-luce-interprete-lsf.fr\/wp-content\/uploads\/2022\/12\/LSF-accueil-accessibilite-structure.jpg 1003w, https:\/\/claire-luce-interprete-lsf.fr\/wp-content\/uploads\/2022\/12\/LSF-accueil-accessibilite-structure-300x217.jpg 300w, https:\/\/claire-luce-interprete-lsf.fr\/wp-content\/uploads\/2022\/12\/LSF-accueil-accessibilite-structure-768x556.jpg 768w\" sizes=\"auto, (max-width: 1003px) 100vw, 1003px\" \/><figcaption class=\"wp-element-caption\">Semi-distanciel<\/figcaption><\/figure>\n<\/div>\n<\/div>\n\n\n\n<p>La <strong>personne entendante<\/strong>, lors d&#8217;un appel t\u00e9l\u00e9phonique n&#8217;a <strong>besoin que d&#8217;un t\u00e9l\u00e9phone<\/strong>.<\/p>\n\n\n\n<img decoding=\"async\" src=\"https:\/\/media.istockphoto.com\/id\/1310634705\/fr\/vectoriel\/mod%C3%A8le-de-lecteur-vid%C3%A9o-pour-applications-web-ou-mobiles-blogs.jpg?s=612x612&amp;w=0&amp;k=20&amp;c=0K-b-ELJehY8oGN0WXVsu8nIawd2aLCsrnOo6SAhhFQ=\" width=\"100%\">\n\n\n\n<p><em>Les vid\u00e9os ne sont pas encore actives, elles sont en pr\u00e9paration, merci de votre patience<\/em><\/p>\n\n\n\n<p>La<strong> visio-interpr\u00e9tation<\/strong> s&#8217;est \u00e9norm\u00e9ment d\u00e9velopp\u00e9e depuis 2020 avec la COVID et les confinements, notamment pour les formations \u00e0 distances ou les entretiens, et l\u00e0 l&#8217;avantage c&#8217;est que tout le monde est en visio.<\/p>\n","protected":false},"excerpt":{"rendered":"<p>c&#8217;est l&#8217;interpr\u00e9tation \u00e0 distance. Elle passe par un support num\u00e9rique, la personne sourde et l&#8217;interpr\u00e8te ne sont pas en pr\u00e9sence physique l&#8217;une de l&#8217;autre, ils sont en distanciel. Chacun est \u00e9quip\u00e9 d&#8217;un ordinateur avec une webcam ou d&#8217;une tablette, parfois d&#8217;un t\u00e9l\u00e9phone portable en mode cam\u00e9ra. L&#8217;interpr\u00e8te dispose du m\u00eame mat\u00e9riel et s&#8217;il s&#8217;agit d&#8217;un &hellip; <\/p>\n<p class=\"link-more\"><a href=\"https:\/\/claire-luce-interprete-lsf.fr\/index.php\/visio-interpretation\/\" class=\"more-link\">Continue reading<span class=\"screen-reader-text\"> &#8220;Visio-interpr\u00e9tation&#8221;<\/span><\/a><\/p>\n","protected":false},"author":1,"featured_media":0,"parent":0,"menu_order":0,"comment_status":"closed","ping_status":"closed","template":"","meta":{"_monsterinsights_skip_tracking":false,"_monsterinsights_sitenote_active":false,"_monsterinsights_sitenote_note":"","_monsterinsights_sitenote_category":0,"footnotes":""},"class_list":["post-210","page","type-page","status-publish","hentry","entry"],"_links":{"self":[{"href":"https:\/\/claire-luce-interprete-lsf.fr\/index.php\/wp-json\/wp\/v2\/pages\/210","targetHints":{"allow":["GET"]}}],"collection":[{"href":"https:\/\/claire-luce-interprete-lsf.fr\/index.php\/wp-json\/wp\/v2\/pages"}],"about":[{"href":"https:\/\/claire-luce-interprete-lsf.fr\/index.php\/wp-json\/wp\/v2\/types\/page"}],"author":[{"embeddable":true,"href":"https:\/\/claire-luce-interprete-lsf.fr\/index.php\/wp-json\/wp\/v2\/users\/1"}],"replies":[{"embeddable":true,"href":"https:\/\/claire-luce-interprete-lsf.fr\/index.php\/wp-json\/wp\/v2\/comments?post=210"}],"version-history":[{"count":8,"href":"https:\/\/claire-luce-interprete-lsf.fr\/index.php\/wp-json\/wp\/v2\/pages\/210\/revisions"}],"predecessor-version":[{"id":441,"href":"https:\/\/claire-luce-interprete-lsf.fr\/index.php\/wp-json\/wp\/v2\/pages\/210\/revisions\/441"}],"wp:attachment":[{"href":"https:\/\/claire-luce-interprete-lsf.fr\/index.php\/wp-json\/wp\/v2\/media?parent=210"}],"curies":[{"name":"wp","href":"https:\/\/api.w.org\/{rel}","templated":true}]}}