{"id":411,"date":"2023-01-01T21:32:51","date_gmt":"2023-01-01T20:32:51","guid":{"rendered":"http:\/\/claire-luce-interprete-lsf.fr\/?page_id=411"},"modified":"2023-01-02T00:09:40","modified_gmt":"2023-01-01T23:09:40","slug":"mentions-legales-et-cgv","status":"publish","type":"page","link":"https:\/\/claire-luce-interprete-lsf.fr\/index.php\/mentions-legales-et-cgv\/","title":{"rendered":"Mentions l\u00e9gales et CGV"},"content":{"rendered":"\n<p><strong>Mentions l\u00e9gales<\/strong><\/p>\n\n\n\n<p>L\u2019ensemble de ce site rel\u00e8ve des l\u00e9gislations fran\u00e7aises et internationales sur le droit d\u2019auteur et la propri\u00e9t\u00e9 intellectuelle. Tous les droits de reproduction sont r\u00e9serv\u00e9s, y compris pour les documents iconographiques et photographiques.<\/p>\n\n\n\n<p><strong>Informations juridiques&nbsp;:<\/strong><\/p>\n\n\n\n<p>Identifiant SIREN&nbsp;: 851&nbsp;323&nbsp;881<\/p>\n\n\n\n<p>Identifiant SIRET du si\u00e8ge&nbsp;: 851&nbsp;323&nbsp;881 00025<\/p>\n\n\n\n<p>1, r\u00e9sidence Saint Gerbold<\/p>\n\n\n\n<p>14000 CAEN<\/p>\n\n\n\n<p>Activit\u00e9 Principale Exerc\u00e9e (APE)&nbsp;: 7430Z Traduction et interpr\u00e9tation<\/p>\n\n\n\n<p>Mail&nbsp;: <a href=\"mailto:claireluce.interprete@gmail.com\">claireluce.interprete@gmail.com<\/a><\/p>\n\n\n\n<p><strong>H\u00e9bergement<\/strong><\/p>\n\n\n\n<p>OVH<\/p>\n\n\n\n<p>SAS au capital de 10 174 560 \u20ac<\/p>\n\n\n\n<p>RCS Lille M\u00e9tropole 424 761 419 00045<\/p>\n\n\n\n<p>Code APE 2620Z<\/p>\n\n\n\n<p>N\u00b0 TVA : FR 22 424 761&nbsp;419<\/p>\n\n\n\n<p>Si\u00e8ge social : 2 rue Kellermann &#8211; 59100 Roubaix &#8211; France<\/p>\n\n\n\n<p>OVH SAS est une filiale de la soci\u00e9t\u00e9 OVH Groupe SA, soci\u00e9t\u00e9 immatricul\u00e9e au RCS de Lille sous le num\u00e9ro 537 407 926 sise 2, rue Kellermann, 59100 Roubaix.<\/p>\n\n\n\n<p><strong>Conditions G\u00e9n\u00e9rales de Vente<\/strong><\/p>\n\n\n\n<p>Dans le pr\u00e9sent document, toute personne morale ou physique \u00e9tant client, usager ou donneur d\u2019ordre sera d\u00e9nomm\u00e9e Client.<\/p>\n\n\n\n<p>Toute commande pass\u00e9e implique l&#8217;adh\u00e9sion enti\u00e8re et sans r\u00e9serve du client aux pr\u00e9sentes conditions g\u00e9n\u00e9rales de vente \u00e0 l\u2019exclusion de tout autre document. Aucune condition particuli\u00e8re ne peut, sauf exception formelle et \u00e9crite figurant sur le devis sign\u00e9, pr\u00e9valoir contre les conditions g\u00e9n\u00e9rales de vente.<\/p>\n\n\n\n<p><strong>Obligation du client<\/strong><\/p>\n\n\n\n<p>Le Client s\u2019engage \u00e0 fournir toutes les informations demand\u00e9es par Claire LUCE (informations pratiques, pr\u00e9paration et description fid\u00e8le de l\u2019intervention) pour que le service rendu soit optimal.<\/p>\n\n\n\n<p><strong>Droit d&#8217;auteur<\/strong><\/p>\n\n\n\n<p>Le Client s\u2019engage \u00e0 ne pas utiliser la prestation r\u00e9alis\u00e9e par l\u2019interpr\u00e8te \u00e0 d\u2019autres fins que celles d\u00e9crites lors de la commande initiale. Notamment, le Client s\u2019engage \u00e0 ne pas enregistrer ou diffuser l\u2019interpr\u00e9tation. En effet, Claire LUCE d\u00e9tient les droits d\u2019exploitation des prestations r\u00e9alis\u00e9es. Le Client est \u00e9galement responsable des enregistrements non autoris\u00e9s r\u00e9alis\u00e9s par des tiers.<\/p>\n\n\n\n<p>Un contrat de captation peut \u00eatre sign\u00e9 avec le Client au moment de la commande, c\u00e9dant \u00e0 celui-ci les droits d\u2019exploitation de l\u2019interpr\u00e9tation.<\/p>\n\n\n\n<p><strong>Obligations du prestataire&nbsp;<\/strong><\/p>\n\n\n\n<p>Le prestataire s&#8217;efforce de r\u00e9aliser l\u2019interpr\u00e9tation\/la traduction avec la plus grande fid\u00e9lit\u00e9 par rapport \u00e0 l&#8217;original et conform\u00e9ment aux usages de la profession. Il met tout en \u0153uvre pour tenir compte et int\u00e9grer dans la traduction les \u00e9l\u00e9ments d&#8217;information fournis par le client (glossaires, plans, dessins, abr\u00e9viations.). Le prestataire d\u00e9cline toute responsabilit\u00e9 en cas d&#8217;incoh\u00e9rence ou d&#8217;ambigu\u00eft\u00e9 du discours\/texte d&#8217;origine, la v\u00e9rification de la coh\u00e9rence technique du discours\/texte final relevant de la seule responsabilit\u00e9 du client<\/p>\n\n\n\n<p>Claire LUCE s\u2019engage sur la ponctualit\u00e9 de l&#8217;interpr\u00e8te. Cependant, compte tenu des al\u00e9as li\u00e9s aux transports entre deux missions, un retard reste toujours possible. L&#8217;interpr\u00e8te signalera alors son \u00e9ventuel retard au client.<\/p>\n\n\n\n<p>En cas de force majeure, l\u2019interpr\u00e8te peut \u00eatre amen\u00e9e \u00e0 annuler une interpr\u00e9tation en derni\u00e8re minute au profit d\u2019une demande consid\u00e9r\u00e9e prioritaire (r\u00e9quisition judiciaire ou urgence m\u00e9dicale). Cette situation rev\u00eat toutefois un caract\u00e8re exceptionnel. Claire LUCE pourra alors faire la demande \u00e0 un confr\u00e8re d&#8217;honorer le rendez-vous avec accord du client.<\/p>\n\n\n\n<p><strong>Confidentialit\u00e9<\/strong><\/p>\n\n\n\n<p>Claire LUCE et le Client s\u2019engagent mutuellement \u00e0 conserver confidentielle toute information \u00e0 laquelle ils auraient pu avoir acc\u00e8s au cours de leurs relations commerciales. L\u2019interpr\u00e8te s\u2019engage \u00e0 garder confidentielles toutes les informations port\u00e9es \u00e0 sa connaissance avant, pendant et apr\u00e8s la r\u00e9alisation de l\u2019intervention. Les documents fournis pourront \u00eatre d\u00e9truits ou retourn\u00e9s au Client apr\u00e8s la prestation sur simple demande. L\u2019interpr\u00e8te est tenu au secret professionnel concernant toute information dont il pourrait avoir connaissance, sauf dans le cas o\u00f9 il s\u2019agit d\u2019un \u00e9v\u00e9nement public.<\/p>\n\n\n\n<p><strong>Tarifs&nbsp;:<\/strong><\/p>\n\n\n\n<p><strong>Voir la rubrique \u00ab&nbsp;Devis&nbsp;\u00bb<\/strong><\/p>\n\n\n\n<p>Nota bene&nbsp;: la prestation en elle-m\u00eame comprend le d\u00e9placement selon la distance depuis le si\u00e8ge social du prestataire. Des frais d\u2019immobilisation peuvent s\u2019ajouter si la prestation n\u00e9cessite l\u2019immobilisation de l\u2019interpr\u00e8te entre deux prestations d\u2019interpr\u00e9tation.<\/p>\n\n\n\n<p>Certaines interventions sp\u00e9cifiques (spectacle, conf\u00e9rence, etc.) demandent une pr\u00e9paration suppl\u00e9mentaire (rencontre des intervenants, mise en place du dispositif d\u2019interpr\u00e9tation sur site, r\u00e9p\u00e9tition et filage, etc.), qui sera factur\u00e9e au Client en plus de l\u2019interpr\u00e9tation proprement dite.<\/p>\n\n\n\n<p><em>Les factures sont payables au comptant&nbsp;<\/em>:<\/p>\n\n\n\n<ul class=\"wp-block-list\">\n<li>par virement bancaire<\/li>\n\n\n\n<li>par ch\u00e8que \u00e0 l&#8217;ordre de Claire LUCE<\/li>\n\n\n\n<li>par esp\u00e8ce directement \u00e0 l&#8217;interpr\u00e8te<\/li>\n\n\n\n<li>Le paiement par Carte Bleue n\u2019est pas possible.<\/li>\n<\/ul>\n\n\n\n<p>Les factures sont exigibles d\u00e8s r\u00e9ception de la facture.<\/p>\n\n\n\n<p>Lorsque le contrat est conclu entre deux professionnels, c\u2019est l\u2019article L441-6 du Code du commerce qui encadre les d\u00e9lais applicables, par cons\u00e9quent le d\u00e9lai limite de r\u00e8glement est fix\u00e9 \u00e0 30 jours. Le point de d\u00e9part de ce d\u00e9lai est fix\u00e9 \u00e0 la date de facturation de la prestation d\u2019interpr\u00e9tation. Toutefois, une convention peut tout \u00e0 fait pr\u00e9voir un d\u00e9lai inf\u00e9rieur ou sup\u00e9rieur au d\u00e9lai l\u00e9gal.<\/p>\n\n\n\n<p>Une majoration forfaitaire de 10% pour retard de paiement sera appliqu\u00e9e syst\u00e9matiquement en cas de retard sup\u00e9rieur \u00e0 45 jours apr\u00e8s la date de facturation.<\/p>\n\n\n\n<p><strong>Annulation d&#8217;une commande<\/strong><\/p>\n\n\n\n<p>Toute annulation d\u2019une prestation doit nous parvenir 2 jours ouvr\u00e9s \u00e0 l\u2019avance. Dans le cas contraire, la demande initialement pr\u00e9vue sera factur\u00e9e en totalit\u00e9. Les jours ouvr\u00e9s sont du lundi au vendredi inclus. Ainsi, l\u2019annulation d\u2019une intervention pr\u00e9vue un lundi doit nous parvenir le jeudi pour ne pas \u00eatre factur\u00e9e.<\/p>\n\n\n\n<p>L\u2019interpr\u00e8te, en cas d&#8217;absence des personnes b\u00e9n\u00e9ficiant de l&#8217;interpr\u00e9tation se donne le droit de quitter les lieux trente minutes apr\u00e8s l\u2019horaire pr\u00e9vu de d\u00e9but de la prestation. La prestation sera factur\u00e9e dans son int\u00e9gralit\u00e9.<\/p>\n\n\n\n<p><strong>Loi informatique et libert\u00e9<\/strong><\/p>\n\n\n\n<p>En vertu des dispositions de la Loi \u00ab&nbsp;Informatique et libert\u00e9&nbsp;\u00bb n\u00b078-17 du 6 janvier 1978, le Client dispose d\u2019un droit d\u2019acc\u00e8s, de modification, de rectification et de suppression des donn\u00e9es le concernant<\/p>\n","protected":false},"excerpt":{"rendered":"<p>Mentions l\u00e9gales L\u2019ensemble de ce site rel\u00e8ve des l\u00e9gislations fran\u00e7aises et internationales sur le droit d\u2019auteur et la propri\u00e9t\u00e9 intellectuelle. Tous les droits de reproduction sont r\u00e9serv\u00e9s, y compris pour les documents iconographiques et photographiques. Informations juridiques&nbsp;: Identifiant SIREN&nbsp;: 851&nbsp;323&nbsp;881 Identifiant SIRET du si\u00e8ge&nbsp;: 851&nbsp;323&nbsp;881 00025 1, r\u00e9sidence Saint Gerbold 14000 CAEN Activit\u00e9 Principale Exerc\u00e9e &hellip; <\/p>\n<p class=\"link-more\"><a href=\"https:\/\/claire-luce-interprete-lsf.fr\/index.php\/mentions-legales-et-cgv\/\" class=\"more-link\">Continue reading<span class=\"screen-reader-text\"> &#8220;Mentions l\u00e9gales et CGV&#8221;<\/span><\/a><\/p>\n","protected":false},"author":1,"featured_media":0,"parent":0,"menu_order":0,"comment_status":"closed","ping_status":"closed","template":"","meta":{"_monsterinsights_skip_tracking":false,"_monsterinsights_sitenote_active":false,"_monsterinsights_sitenote_note":"","_monsterinsights_sitenote_category":0,"footnotes":""},"class_list":["post-411","page","type-page","status-publish","hentry","entry"],"_links":{"self":[{"href":"https:\/\/claire-luce-interprete-lsf.fr\/index.php\/wp-json\/wp\/v2\/pages\/411","targetHints":{"allow":["GET"]}}],"collection":[{"href":"https:\/\/claire-luce-interprete-lsf.fr\/index.php\/wp-json\/wp\/v2\/pages"}],"about":[{"href":"https:\/\/claire-luce-interprete-lsf.fr\/index.php\/wp-json\/wp\/v2\/types\/page"}],"author":[{"embeddable":true,"href":"https:\/\/claire-luce-interprete-lsf.fr\/index.php\/wp-json\/wp\/v2\/users\/1"}],"replies":[{"embeddable":true,"href":"https:\/\/claire-luce-interprete-lsf.fr\/index.php\/wp-json\/wp\/v2\/comments?post=411"}],"version-history":[{"count":9,"href":"https:\/\/claire-luce-interprete-lsf.fr\/index.php\/wp-json\/wp\/v2\/pages\/411\/revisions"}],"predecessor-version":[{"id":429,"href":"https:\/\/claire-luce-interprete-lsf.fr\/index.php\/wp-json\/wp\/v2\/pages\/411\/revisions\/429"}],"wp:attachment":[{"href":"https:\/\/claire-luce-interprete-lsf.fr\/index.php\/wp-json\/wp\/v2\/media?parent=411"}],"curies":[{"name":"wp","href":"https:\/\/api.w.org\/{rel}","templated":true}]}}